et j(c) = -c**2 + c + 1. Let a(p) = j(p) + u(p). List the prime factors of a(13).
3, 23
Let w be 94/30 + (-22)/165. Let h be 20/(-12)*w/(-1). Suppose -h*b = -10*b + 85. List the prime factors of b.
17
What are the prime factors of (-612)/3*(2 - (-5698)/(-88))?
3, 17, 251
Let d be -8 + -1 - (-4 - -3). Let a be (d/36 + (-20)/72)*-2. List the prime factors of 2/(111/107 - a)*2.
107
Let p = 85 + -82. Suppose 4*s = p*t + 43, -4*s + 1 = 4*t - 5*t. List the prime factors of (t/(-9) + -3)*(-906)/4.
151
Let q(f) = -4*f**2 - 2*f + 3. Let w be q(1). Let n(c) = c + 5. Let m be n(w). Suppose -3*d - m*o = -7*o - 117, -3*d - 2*o = -117. List the prime factors of d.
3, 13
Suppose -6344 = -2*n - q - 11, -4*n - 3*q = -12665. Suppose 0 = -8*v + 8175 - n. List the prime factors of v.
2, 313
Suppose -4*d + 667 = -5*x, -4*d + 9*d - x = 839. Suppose 386 = -2*l + 4*o, l + 3*o = -0*o - d. Let n = -101 - l. List the prime factors of n.
2, 41
Let i(n) = -n**3 - 3*n**2 + 2*n + 5. Let o be i(-2). Let p(b) = -214*b - 41. List the prime factors of p(o).
601
Suppose -200*g + 222*g + 858 = 0. Suppose 0 = -3*b + 229 - 10. Let q = b - g. What are the prime factors of q?
2, 7
Let a be 12 + 93/4 + (-2)/8. Suppose -2*c - 353 + a = -q, 2*q - 636 = -5*c. List the prime factors of q.
2, 3, 53
Let i be (-5 - -1) + -5*(-1140)/25. Suppose -4*j + 2*b = -270 - 190, 4*b = 2*j - i. List the prime factors of j.
2, 29
Let t(b) = -28*b**2 + 2*b - 7. Let s(p) = -p - 1. Let a(f) = -2*s(f) - t(f). List the prime factors of a(-2).
11
Suppose 35*x - 31*x = 10840. Suppose 0*i - i - 4*q + 672 = 0, 4*i = -5*q + x. List the prime factors of i.
2, 5, 17
List the prime factors of (-40)/60 - 647412/(-36).
7, 367
Let f(b) = -3416*b + 10226. List the prime factors of f(-13).
2, 59, 463
Let f(a) = 2*a**2 - 16*a + 42. Let s(d) = 95*d**2 - 4*d - 3. Let w be s(-1). Let u = -83 + w. What are the prime factors of f(u)?
2, 43
Suppose 29346 = 2*z - 5*q, -512*z + 511*z + 14673 = -3*q. What are the prime factors of z?
3, 67, 73
Suppose -x = -8 + 10. Let s(m) = m**2 + 2*m + 1. Let a be s(x). What are the prime factors of (-52)/(-44) - a - (-427)/11?
3, 13
Let z(y) = -2*y**2 + 18*y - 12. Suppose -4*i - 4*s + 17 + 39 = 0, 5*s = 4*i - 11. Let t be z(i). List the prime factors of 3 + (-2 + -1)*t.
3, 13
Suppose -4*h = 0, 0 = -5*w + 2*h - 275 + 2810. Let x = w + 505. What are the prime factors of x?
2, 11, 23
Suppose 15 = 3*m, -2*m + 5*m - 31 = -4*v. Suppose q = 8*k - 7*k + 343, v = 2*k. List the prime factors of q.
3, 5, 23
Let n(l) be the third derivative of -l**6/120 - 2*l**5/15 + 3*l**4/4 - 5*l**3/6 + l**2. Let a be ((-69)/6 - -6)*2. What are the prime factors of n(a)?
2, 5
Let x be (1 + (8 - 1))*99/(-6). Let n = x - -134. Suppose -n*y + 4*g = -707 + 189, 4*y - 5*g - 1048 = 0. List the prime factors of y.
3, 89
Let s(n) = n**3 - 56*n**2 + 90*n + 194. What are the prime factors of s(56)?
2, 2617
Suppose 5*s = 9 + 11. Suppose -4 = s*j + 2*n, 0*j - 3*n - 6 = j. Suppose j = -b + 6 + 24. List the prime factors of b.
2, 3, 5
Suppose 10*t = 150182 + 46638. What are the prime factors of t?
2, 13, 757
Suppose -b + 10 = -5*b - x, 0 = -b + 3*x - 9. Let c be 3 - -13*(3 - b). Suppose 4*g = 3*g + c. What are the prime factors of g?
3
Let k(n) = -4*n - 11. Let o be k(-4). Suppose -724 = -o*x + 1361. What are the prime factors of x?
3, 139
Let x(t) = -2676*t + 49. What are the prime factors of x(-1)?
5, 109
Suppose t - 2*t = 3*w - 2884, -w = -5*t + 14452. What are the prime factors of t?
2, 5, 17
Let s(v) = 8*v - 6. Let m be s(1). Suppose m*w - 4*l - 196 = 0, 4*w - 191 = 2*w + 5*l. What are the prime factors of w?
2, 3
Let t be (-3)/(-5) - 7940/(-100). Let k be (6/8)/(30/t). List the prime factors of (1/(-4))/(k/(-232)).
29
Suppose 6*h + 1081 - 14605 = 0. Let w = -1461 + h. List the prime factors of w.
13, 61
Suppose -13*h + 30 + 9 = 0. Let d(s) = s + 5. Let w be d(-2). Suppose -h*c = -9, -w*c = g - 98 - 99. List the prime factors of g.
2, 47
Suppose -21*g + 304505 = -205606 - 469119. List the prime factors of g.
2, 5, 4663
Suppose -50499 = 57*f - 88*f. What are the prime factors of f?
3, 181
Let o(i) be the second derivative of 1/10*i**5 + 0 - 18*i - 3/4*i**4 - 11/2*i**2 + 13/6*i**3. What are the prime factors of o(5)?
79
Suppose -59*s = -4*r - 64*s + 5997, 0 = 3*r + 4*s - 4497. What are the prime factors of r?
3, 167
Let m = -70 - -70. Let h be ((108/8)/(-3) - m)*40. Let d = h + 303. List the prime factors of d.
3, 41
Let i = -2984 - -61917. List the prime factors of i.
7, 8419
Suppose 3*y - 5*w = -10 - 21, 5*y - 10 = -4*w. Let l be (-2*1505/42)/(y/(-6)). Let f = -79 - l. What are the prime factors of f?
2, 17
Let c = -19 + 18. What are the prime factors of (c/(-2))/(7 - (-4773)/(-682))?
11, 31
Let z(s) = -14*s**3 - 5*s**2 + 2*s + 5. Let h be z(-5). Let r = h + -662. Suppose 4*b - r = -4*a - 98, -b - 3*a = -211. What are the prime factors of b?
7, 31
Let s(b) = -b**2 - 13*b + 20. Let y be s(-8). What are the prime factors of 1159/5 - 48/y?
3, 7, 11
Let q(h) = -h**2 - 150*h + 0*h**2 + 147*h - 3 - 544*h**3. List the prime factors of q(-1).
3, 181
Suppose 5*o - 206 = -4*t, -2*o = -3*t - 126 + 39. Let f = o + -55. Let v(m) = -m - 5. What are the prime factors of v(f)?
2
Let b = 42596 + -17837. List the prime factors of b.
3, 7, 131
Suppose 5*k - 5255 + 1300 = 0. Suppose 5*l - 2470 = 5*p, p + 150 = -4*l - 349. Let q = p + k. What are the prime factors of q?
2, 37
Let r(f) = -f + 14. Let t be r(11). Suppose -t*k = 4*k - 10773. List the prime factors of k/15 - (-4)/10.
103
Suppose 2*n - 3*l = 137, 0*n - 201 = -3*n + 3*l. Let d = -66 + n. List the prime factors of 6 - 4 - (16/d + -2).
2, 3
Suppose 5*o = -3342 + 8892. Suppose w = 3*q - 660, -4*q + 9*q - o = 5*w. What are the prime factors of q?
3, 73
Let s(d) = d**3 + 9*d**2 - 15*d - 14. Suppose -3*p + 13 - 4 = 0. Suppose -2*h + 4*k = 28, p*h + 5*k = -0*h - 20. What are the prime factors of s(h)?
2, 3
Let c(n) = -7*n**2 - 15*n + 49 - 13 + 12*n**2 + 64. What are the prime factors of c(12)?
2, 5
Suppose -61*n + 529494 + 557291 = 420116. List the prime factors of n.
3, 3643
Suppose 0 = 36*m - 22858 + 6838. Suppose m - 1729 = -3*p. What are the prime factors of p?
2, 107
Suppose 11*n + 980 = -5125. Let m = n - -1343. List the prime factors of m.
2, 197
Let i be (0 - 6/(-4))/(5/10). Suppose 0 = -5*r + i - 13. List the prime factors of (128 - 3) + -1 + r + -3.
7, 17
Let b = -56 - -56. Suppose 4*o - 22 + 14 = b. Suppose -j + 149 = a, -a + 503 - 204 = o*j. What are the prime factors of j?
2, 3, 5
Let a(d) = 10*d - 18. Let w be a(6). Suppose -i + 3*r = -15, i = -4*i + 4*r + w. Suppose -i = x - 13. What are the prime factors of x?
7
Let c = 22608 - 15882. List the prime factors of c.
2, 3, 19, 59
Let g be -9*1/(-3) - -2. Let h be -3*(-4)/12*g. Suppose -3*m - 3*k + 266 = -7*k, h*m - 4*k - 454 = 0. List the prime factors of m.
2, 47
Suppose 0 = 36*i - 87189 - 55263. What are the prime factors of i?
3, 1319
Let x(v) = 4*v**2 - 14*v - 3. Let s be x(8). Suppose 4*u - 3*n = 369, 3*n = -3*u + 141 + s. List the prime factors of u.
3, 31
What are the prime factors of -26*(-50)/(-975)*47421/(-2)?
2, 3, 11, 479
Suppose -4*v - 30 = -42. Suppose 4*w - w - k - 1050 = 0, -v*k + 340 = w. Suppose -6*r = -w - 245. List the prime factors of r.
3, 11
Let b be 9/(-3)*15/(-9). Suppose -29 - 17 = -h + b*n, -3*h + 150 = -3*n. Let y = h - -3. What are the prime factors of y?
2, 3
List the prime factors of 10625/250*6616/10.
2, 17, 827
Suppose -5*f = 20, 89*d = 86*d - 5*f + 8983. List the prime factors of d.
3001
Suppose 74*b - 89015 = 265889. List the prime factors of b.
2, 11, 109
Let j = -14359 + 29776. List the prime factors of j.
3, 571
Let u(m) = -10*m**2 + 982*m - 156. List the prime factors of u(88).
2, 3, 5, 7
Suppose 2*b - o = 2690, -3*b - 7*o + 3*o = -4057. Suppose 6*m + 129 = b. Suppose -205 = -5*k - 5*t, 4*k = 9*k + 4*t - m. What are the prime factors of k?
3, 13
Suppose 0 = 2*s + 2*s + 3*w - 24, 3*w = 12. Suppose 5*k = -4*t + 2284, s*k + 1708 = 3*t + 8*k. What are the prime factors of t?
2, 3
Suppose -269*m + 263*m = -60. Let t(v) = 15*v + 65. What are the prime factors of t(m)?
5, 43
Suppose 15*r - 14 = 8*r. List the prime factors of -2*(-1391)/r - (-3 + 3).
13, 107
Let m(c) = c**2 + c + 1. Let b(d) = 423*d*